/2 + 3*h - 7. Give j(g).
21
Let m be (4 - -5)*(-5 + 6). Let p(v) = 10 + 6 + 3*v**2 - v**3 - 9*v - 5 + 7*v**2. Determine p(m).
11
Suppose -6860 = 54*k - 7670. Let f(n) = -2*n + 35. Give f(k).
5
Let y(d) = -d + 5. Let g(j) = j**3 + 3*j**2 - 6*j - 5. Let x be g(-4). Suppose -4*i = 3*n + 5, -i + 5*i + 8 = 0. Suppose -n = z + x. Determine y(z).
9
Let n(h) = -h**3 + 17*h**2 - 13*h - 45. Let u be n(16). Suppose t + 8 = 4*v - 2*v, 4*v = u*t + 26. Let l(x) = x**2 + 9*x - 14. What is l(t)?
-4
Let z(d) be the third derivative of 3*d**4/8 + d**3/6 + 2*d**2 - 125*d. Give z(8).
73
Let z(y) = -7*y**2 + 10*y - 5. Let q(i) = 8*i**2 - 11*i + 5. Let p(v) = -5*q(v) - 6*z(v). Let s be (-8*(-9)/18)/1. Calculate p(s).
17
Suppose -o - 12 = -4*o. Suppose -o*a = q - 9*a - 3, a = 2*q + 3. Let c(v) = 106*v + 1 - 209*v + 106*v. What is c(q)?
-5
Let z(n) = 3 + 0*n + n - 18. Suppose 0 = 92*y - 38*y - 486. Determine z(y).
-6
Suppose -22 = -2*l + 4*u, -20 = -45*l + 41*l + 2*u. Let f(k) = -k**3 + 3*k**2 + 4*k - 8. Calculate f(l).
4
Let b be -2*-5*9/30. Let f(y) = y**3 - 3*y**2 + 5*y - 5. What is f(b)?
10
Let i(h) = -h**3 - 8*h**2 + 26*h + 51. Let b = -3519 - -3509. Determine i(b).
-9
Let r(i) = -i**3 - 9*i**2 + i + 11. Let m be r(-9). Let j(w) be the third derivative of -w**4/12 - w**3/6 + 61*w**2 - 8. What is j(m)?
-5
Let j(d) = 2*d - 1. Let n = 1603 - 1605. Determine j(n).
-5
Let w(f) be the second derivative of -f**5/20 + f**4/4 - f**3/6 + 7*f**2 - 3375*f. What is w(4)?
-6
Let q(a) = -3 + 98731*a**2 + 98731*a**2 - 197464*a**2 + a. What is q(2)?
-9
Let p(d) = d**2 - 5*d + 4. Suppose 5*w - 983 = -0*q - 3*q, 2*q - w - 651 = 0. Let f = -324 + q. Calculate p(f).
-2
Let y(v) = -5*v + 39. Let l be y(29). Let w = l + 101. Let r(j) be the first derivative of -j**2 - 7. What is r(w)?
10
Let l(n) = -4 - 4*n - 16*n - 3*n**2 + 25 - 16 - 14. Determine l(-6).
3
Let b(k) = -k + 12. Let a be b(10). Suppose -3 = -6*l + a*l + q, 5*l + q = 15. Let c(t) = 8*t**2 + 4*t**l + 0 + 4 - 3. Calculate c(1).
13
Let n(l) = -20*l**2 + 83*l + 9. Let u(f) be the second derivative of -7*f**4/12 + 29*f**3/6 + 3*f**2/2 - 25*f + 2. Let d(i) = 6*n(i) - 17*u(i). Determine d(7).
-11
Let y = -539 - -518. Let x = y - -13. Let s(c) = -c + 8. Determine s(x).
16
Let y(o) = -3*o**2 - 38*o - 56. Let s(r) = r**2 + 18*r + 25. Let q(k) = -5*s(k) - 2*y(k). Calculate q(16).
19
Let c(w) = -3*w**3 + 5*w**2 + 3*w - 5. Let b be c(-3). Suppose -140 - b = -36*n. Let d(v) = -v - 6. Calculate d(n).
-13
Let v(y) = -2*y**3 + 2*y**2 + 28*y + 35. Let s be v(-2). Let d(f) = f**3 - 4*f**2 - f + 10. Calculate d(s).
-2
Let r(n) = 44*n**2 - 5*n - 6. Let x be r(-1). Suppose -2*t + 2*f = -22, -4*t - 3*f = -8*f - x. Let q(b) = b**3 - 9*b**2 + 10*b + 17 - t - 2 - 12. What is q(8)?
7
Let d = 2/7009 - -21023/14018. Let b(t) be the first derivative of 10 + d*t**2 + 0*t. Determine b(-2).
-6
Let b(g) = g**2 + 21*g + 43. Suppose -49*i + 44*i - 4*t - 80 = 0, 15 = 3*t. What is b(i)?
23
Let p(n) be the first derivative of -8*n**3/3 - 21*n**2 - 2*n + 5547. Determine p(-5).
8
Let d(c) = -c**2 + 3*c - 1. Let s = 39 + -47. Let k(j) = -j**2 - 9*j - 6. Let p be k(s). Give d(p).
1
Let n = 6 + -4. Let y(u) = -u**2 + 27*u. Let c be y(27). Let b(j) = -3*j + c + 2*j + 4 - 3*j - j**n. Give b(-5).
-1
Let q(t) = 0*t**2 - 5*t**2 - 9 - 9*t + 4*t**2. Suppose 4*p = -4*b - 83 + 43, 0 = 5*b - 3*p + 34. Give q(b).
-1
Let h = -370 + 374. Suppose -h*b - 2*f + 62 = 0, 31*b - 34*b = -2*f - 57. Let w(c) = -c + 10. Give w(b).
-7
Let u = 79 + -84. Suppose 7 = -2*r + 9. Let h(t) = r + 3*t - 2 - 7 + 12. Give h(u).
-11
Let i(y) = 16*y**3 + 41*y**2 + 34*y + 25. Let a(n) = -3*n**3 - 8*n**2 - 7*n - 5. Let f(t) = 11*a(t) + 2*i(t). Let h be (-55)/22*16/10. Calculate f(h).
-1
Suppose 0*v + 8*v - 7*v - 6*v = 0. Let s(p) be the second derivative of -1/2*p**2 - 13*p + v + 7/6*p**3. What is s(-1)?
-8
Let y(i) = -26*i + 2*i - 1 + 14*i + 12*i + i**2 + 5*i. Suppose 0 = 3*g - 2*g - 2. Let f be 0 - (g + 1) - 1. Give y(f).
-13
Let z be (-2 + -3)*2/5. Let a(l) be the second derivative of -l**3 - 5*l**2/2 - 15308*l. What is a(z)?
7
Let a(v) = -v**3 - 12*v**2 + 7*v - 20. Suppose -d + 7 = -5*i, 9*d - 36 = 13*d - 4*i. Give a(d).
58
Let f(y) = -1 - y**2 - 1 + 2*y**2 + 6500*y + 9 - 6516*y. Give f(16).
7
Let q(c) = -2*c**3 - 37*c**2 - 35*c + 69. Let o(v) = 5*v**3 + 103*v**2 + 105*v - 208. Let y(n) = 3*o(n) + 8*q(n). Determine y(15).
3
Let g(r) be the third derivative of -2*r**2 - 1/10*r**5 + 199*r + 1/2*r**3 + 0*r**4 + 0 - 1/120*r**6. Calculate g(-6).
3
Let w = -456 - -460. Let n(c) = 5*c - 1. Let z(x) = 5*x - 2. Let b(j) = w*z(j) - 6*n(j). Determine b(5).
-52
Let n(g) = 53*g**2 - 26*g + 81. Let z(d) = 40*d**2 - 25*d + 80. Let c(i) = 3*n(i) - 4*z(i). Give c(20).
-37
Let q(z) = -z**2 - z. Let w(y) = -3*y**2 - 5*y + 2. Let c(j) = 2*q(j) - w(j). Let l be ((2*-10)/(-4))/(2/(-6)). Let d be -4 - -3*(-10)/l. Give c(d).
-4
Let z(l) = l**3 + 4*l**2 - 4*l - 6. Suppose k - 6*k = 15. Let h be z(k). Suppose h*s - 14*s - 6 = 0. Let p(g) = g**2 - 6*g + 5. Give p(s).
5
Let y(w) = -13*w**2 + w - 1. Let t be (-4 + 4)*(-2)/4. Let f be (1 + -2 - t)/((-2)/14). Suppose -f*b = -8*b + 1. Calculate y(b).
-13
Let v = 95 + -84. Let q(a) = -v*a + 7*a**2 + 16*a**3 - 7 + 0*a - 15*a**3. What is q(-8)?
17
Let a(g) = -g + 12. Let r(d) = -5*d + 40. Let z be r(-6). Suppose 3*o - z = 5*v, -v = -o + 33 - 7. Suppose 5*q - o = 5*s, -3*q + 7*s = 3*s - 15. What is a(q)?
3
Let j be 4 - (24/(-5))/(5/25). Suppose -4*y - 2*m = -4*m - j, -3*m = 0. Let z(l) = -2*l + 9. What is z(y)?
-5
Suppose w + 4 = 0, -w + 0*w - 2274 = 5*s. Let u = 457 + s. Let j(i) = i + 4. Determine j(u).
7
Let l(u) be the second derivative of -u**3/2 - 2*u**2 - u. Suppose k - 9 = -3. Let j be k/(310/(-180) + 4/18). Determine l(j).
8
Let a = -391 + 421. Let r(q) = 95 - 37 - a + 2*q - 30. Give r(-2).
-6
Let o(c) = 3*c**2 + 3*c - 8. Let d(g) = -g**2 + g. Let f(h) = h**2 + 3*h - 4. Let w(p) = d(p) - f(p). Let v(i) = 3*o(i) + 5*w(i). Calculate v(0).
-4
Let u(f) = 5*f**2 + 6*f - 11. Let k be -15*((-126)/42 - 123/(-45)). Calculate u(k).
93
Suppose 0*b + b = 454. Let d(n) = 0 - 232*n - 3 - 2*n**2 + b*n - 230*n. Calculate d(-5).
-13
Let w = 15262 - 15310. Let o(m) = 2*m**3 + 95*m**2 - 47*m + 58. Give o(w).
10
Let u(i) be the second derivative of i**5/60 + i**4/6 - 2*i**3 - 9*i**2/2 - 79*i - 2. Let y(w) be the first derivative of u(w). Give y(-5).
-7
Let y = -10 - -30. Let o be (y/18)/5 + 80/45. Let f(d) = 2*d - 1. What is f(o)?
3
Let b(x) = -7 + 0*x**2 - 6*x + 4*x**2 - 3*x**2. Suppose -4*o + 44 = -94*r + 90*r, -7*r - 14 = 0. Calculate b(o).
20
Let f(o) = 0*o**3 + 9 + 21*o**2 - 65*o**2 + 26 + 23*o**2 - o**3 - 20*o. What is f(-20)?
35
Suppose 17 = 4*u + 1. Let r(b) = 3*b + 1. Let i(g) = -8*g - 25. Let f(w) = -i(w) - 5*r(w). Let o be f(u). Let p(d) = -d**3 - 7*d**2 + 7*d + 8. What is p(o)?
16
Let y(u) = -u**3 - 16*u**2 - 43*u - 47. Let g(h) = -94*h - 6217. Let l be g(-66). Give y(l).
5
Let w = 2874 - 2872. Let t(z) = 2*z**2 - 7*z + 2. Calculate t(w).
-4
Let r(o) = -o**3 + 10*o**2 + 12*o - 6. Let l(j) be the first derivative of j**3/3 + 17*j**2/2 - 7*j - 69. Let d be l(-18). What is r(d)?
5
Let b(k) = 7*k**2 + k + 16. Let l(j) = 12*j**2 - 3*j + 32. Let m(y) = 5*b(y) - 3*l(y). What is m(12)?
8
Let a = -4521 - -4527. Let b(j) = j**2 + 3*j - 51. Determine b(a).
3
Let a be 4 + (-3 - 25/(-5)). Let b(j) = -a - 14 + 4*j + 21. Calculate b(-8).
-31
Let q(m) = 22*m**3 + 11*m**2 + 16*m + 5. Let i(v) = -5*v**3 - 3*v**2 - 4*v - 1. Let l(z) = -11*i(z) - 3*q(z). What is l(-2)?
92
Let q(i) = -33*i - 1. Let c(j) = -40*j + 1. Let d(w) = -5*c(w) + 6*q(w). Calculate d(-2).
-15
Let s(g) = -g**3 + 14*g**2 + 32*g + 8. Let q = -8607 + 8623. Determine s(q).
8
Let q(s) = -5*s**2 - 3*s + 49. Let b(r) = 9*r**2 + 5*r - 98. Let y(l) = 4*b(l) + 7*q(l). Let x(o) be the first derivative of y(o). Determine x(-4).
-9
Let y(o) be the first derivative of -o**5/20 - o**3/6 + 20*o**2 - 63. Let m(u) be the second derivative of y(u). Give m(2).
-13
Let t(j) = j - 7. Let l = -1646 - -1649. Give t(l).
-4
Let v(m) = 0 - 4 + 10 + 0 + 3 + 4*m. Suppose 0 = -2*j + 2, -22 - 10 = -4*o - 4*j. Suppose -o*d - 24 = -3*d. Determine v(d).
-15
Let y(a) = -4*a**3 + 19 + 121*a**2 + 9*a - 10*a - 60*a**2 + a**3 - 60*a**2. What is y(0)?
19
Let h(a) = 